t is the remainder when k is divided by c?
16
Let w = 25 - 15. What is the remainder when w is divided by (-12)/(12/7) + 6 + 5?
2
Let o(w) = -2*w - 2. Let q be o(-3). Calculate the remainder when 3/6 - (-454)/q is divided by (-2*2/8)/((-27)/(-1053))*-2.
36
Suppose -2*d - 5*n = -0*n - 3020, -d + n = -1489. What is the remainder when d is divided by 58?
45
Let q(a) = -a**3 + 4*a**2 + 43*a + 5. What is the remainder when q(-8) is divided by 48?
45
Suppose -5*b + 462 = 3*v, 5*b - 2434 + 2792 = 2*v. Calculate the remainder when 14431 is divided by v.
163
Suppose 6*t - 2531 = -19*t - 281. What is the remainder when 16199 is divided by t?
89
Suppose -b + 192 = -0*b. Suppose -5*r = -r - b. Let i(x) = -34*x + 146. What is the remainder when r is divided by i(4)?
8
Suppose -3*s + 0 = 3*p - 9, -4*s - 2*p = -2. Calculate the remainder when (s + 129/6)*(-12)/(-9) is divided by 22.
4
Let g be (255 - 1) + 0 - (-2 + 4). Let a = 179 - g. Let l = -48 - a. What is the remainder when 123 is divided by l?
23
Let u = 1795 - 1739. Let i = 1 + 9. Calculate the remainder when u is divided by i.
6
Suppose -10*v + 28*v - 20097 = 22653. Calculate the remainder when v is divided by 108.
107
Suppose 71*x - 805 = -27 + 429. Calculate the remainder when 16895 is divided by x.
14
Suppose -x + z = -2*x + 27, 75 = 3*x - 3*z. Let y = 10 + -4. Let o(l) = 20*l + 7. What is the remainder when o(y) is divided by x?
23
Let o = 765 - 330. Suppose 285 + o = 10*w. What is the remainder when 1150 is divided by w?
70
Let b = -209 + 175. Let o = b - -51. Calculate the remainder when 48 is divided by o.
14
Let n be (10/3)/(2/3). Let f(o) = o**2 + 421*o - 2117. Calculate the remainder when (-2)/(-10) + 119/n is divided by f(5).
11
Suppose -c - 5*k = -26 - 191, 6*c = -3*k + 1113. Calculate the remainder when 539 is divided by c.
175
Suppose -8 = -0*p - p. Let m be 2 + 11510/22 - 2/11. Suppose p*a - m = 707. What is the remainder when a is divided by 39?
37
Suppose -4*i = -20, 0 = -a + 2*a + 4*i - 105. What is the remainder when -22*(5 - a/10) is divided by 13?
12
Let t = 7214 - 6800. Calculate the remainder when t is divided by 211.
203
Let l = -153 + 44. Let y = -70 - l. What is the remainder when 109 is divided by y?
31
Suppose -5*r + 31 = 4*h, 5*r - 13 = -5*h + 17. Let v = 8 + 5. Calculate the remainder when v is divided by r.
6
Suppose -11*v + 24*v - 306 = -4*v. What is the remainder when 2731 is divided by v?
13
Let z = -1278 - -1303. What is the remainder when 795 is divided by z?
20
Let j = 5047 + -5042. Calculate the remainder when 1893 is divided by j.
3
Suppose -163 + 137 = -2*u. Suppose 0 = 2*h - 10 - 12. Suppose h = -a + 34. What is the remainder when a is divided by u?
10
Suppose 4*i + 1 = 5*b, i - 4*b + 4 = b. Let m(d) = -13*d**3 - 1. Let q be m(i). What is the remainder when q/(5/5*-1) is divided by 3?
2
Let j(b) = -b**2 + 49*b + 485. What is the remainder when j(51) is divided by 46?
15
Let s(f) = 73*f**3 + 9*f**2 - 19*f + 10. What is the remainder when 121 is divided by s(1)?
48
Calculate the remainder when 163 is divided by (-1)/((-2)/266) + (-18 - (-23 - 1)).
24
Let z = 215 - 20. Let c = z + 11. Suppose 0 = 5*w - 7*w + c. What is the remainder when w is divided by 21?
19
Let a = -7083 + 7383. Calculate the remainder when 327 is divided by a.
27
Let p(o) = 6*o - 6. Let n(j) = -j + 1. Let m be n(1). Suppose -g - 5*k + 51 = m, 0 = -5*g - 2*k + 4*k + 363. What is the remainder when g is divided by p(5)?
23
Let z = -27968 + 28726. What is the remainder when z is divided by 23?
22
Suppose -37 = 2*d - 83. Suppose 0 = m + 4419 - 4578. What is the remainder when m is divided by d?
21
Suppose 0 = 3078*l - 3071*l - 7602. What is the remainder when l is divided by 11?
8
Let p(i) = 15*i + 10. Let l be p(1). Suppose s - 33 = -n, -s + 2*n - 7 = -l. What is the remainder when 137 is divided by s?
25
Suppose -2042 = -4*s + 2*n, -5*s = 54*n - 56*n - 2554. Calculate the remainder when s is divided by 137.
101
Suppose 5*n + 37 = 6*n. Calculate the remainder when (61/122)/(0 - (-2)/(-1772))*-1 is divided by n.
36
Let g be 2/7 + 48/(-21) - 3. Let o(i) = -i + 4. What is the remainder when o(0) is divided by (-5)/4 - (-6)/(-8) - g?
1
Let i = 196 - 198. Calculate the remainder when 324 is divided by (-6)/i*-1 - (32 - 118).
75
Suppose -88*a + 10 = -89*a. Let v(x) = -2*x**3 - 18*x**2 + 15*x + 21. What is the remainder when 281 is divided by v(a)?
68
Let q = 8754 - 6816. What is the remainder when q is divided by 965?
8
Let i(s) = 81*s - 1110. What is the remainder when 682 is divided by i(14)?
10
Suppose 173 = -4*q + c + 217, -q - 5*c = 10. Calculate the remainder when 598 is divided by -11 + 1 + q + (-30)/(-2).
13
Let a = -225 - -394. Suppose a*d - 352 = 165*d. Calculate the remainder when d is divided by 37.
14
Let z = -9 - -5. Let v = 22514 - 22493. What is the remainder when v is divided by (-238)/(-18) + z/18?
8
What is the remainder when 4/(-3) - 4/36*-1173 is divided by 34?
27
Suppose j - 38 = -5*s, -958*j + 957*j + 4*s + 56 = 0. Calculate the remainder when 2502 is divided by j.
6
Let s be ((-3)/6*3)/((-1)/(-2)). Let q(o) = -4*o**2 + 3*o**2 + 12*o**2 + 5*o**2 + 3*o + 12. Calculate the remainder when q(s) is divided by 6.
3
Let q be (147/(-1 - -4))/(-1). Let g = 6 - q. Suppose 1087*p - 984 = 1081*p. What is the remainder when p is divided by g?
54
Let h(t) = 15*t - 3*t + 0*t - 18 - 5*t. What is the remainder when 13 is divided by h(3)?
1
Suppose -y = -2*g - 3, 5*g - 19 = -4*y + 6. Suppose y*s - 291 + 84 = 3*h, -5*h = -5. What is the remainder when s is divided by 15?
12
What is the remainder when 342 is divided by (-8)/36*20655/(-90)?
36
Let o(y) = 4*y**2 - 28*y + 9. Let d(l) = l + 6. Let u be d(4). Calculate the remainder when o(u) is divided by 33.
30
Let t(h) = -h**2 + 81*h - 1347. What is the remainder when 8041 is divided by t(57)?
19
Let u = -394 + 714. Suppose -4*o - 206 = -p - p, 0 = -3*p - 5*o + u. What is the remainder when p is divided by 36?
33
Let k(z) = 5*z - 12. Suppose v + 13 - 329 = -3*l, -3*v = -l + 102. What is the remainder when l is divided by k(6)?
15
Suppose -8 = -4*d - 0. Suppose 0 = -8*s + d*s + 546. Let h(b) = 15*b + 136. What is the remainder when s is divided by h(-6)?
45
Let u(s) = 105 - s + 3 + 42. What is the remainder when u(-7) is divided by 10?
7
Suppose -110 = -14*g + 9*g. Let h = g - -71. Calculate the remainder when h is divided by 8.
5
Suppose 42*a - 142 - 26 = 0. Calculate the remainder when 399 is divided by a.
3
Let n = 300 + -292. Calculate the remainder when 17 is divided by -4 - n/(32/(-52)).
8
Let r(i) = 353*i - 3475. Calculate the remainder when r(10) is divided by 26.
3
Suppose -v - 3*y = -285, -4*v + 5*y + 178 + 962 = 0. Calculate the remainder when v is divided by 12.
9
Let i = -87 - -93. Let x(g) = 11*g - 2. Let t be x(i). Let b = 143 - t. What is the remainder when b is divided by 10?
9
Let b(z) be the first derivative of z**3 + 5*z**2 - 8*z + 74. Calculate the remainder when b(6) is divided by 23.
22
Let d = -50 + 300. Suppose -130 = -l - 2*g, -4*g = 2*l - 2*g - d. Suppose -3*a + 125 = -2*r, a = 6*a + 3*r - 202. What is the remainder when l is divided by a?
38
Let i(b) = 470 + b + 6*b**3 + 10*b**2 - 461 + 0*b - 4*b**3. Calculate the remainder when i(4) is divided by 101.
99
Suppose -3*b + 9 = -3*c, 6*c - 3*c + 3*b - 3 = 0. Calculate the remainder when 0 + c + (-8 - -10) + 95 is divided by 49.
47
Let w(y) = 29*y**2 - 99*y - 195. What is the remainder when 946 is divided by w(-2)?
113
Suppose -7*f + 3*f = -40. Let r(b) = -10*b - 114. Let m be r(-11). Calculate the remainder when (m/(-8))/(3/108) is divided by f.
8
Suppose 2*i - 68 = -0*i - 4*m, -4*i + 150 = m. Suppose -14*w = -16*w + 106. Let j = 22 + w. What is the remainder when j is divided by i?
37
Let n = 56 + -56. Suppose -4*i + 21 = v, -24 = -n*v - v - 3*i. Calculate the remainder when v is divided by 4 - (-9 + -3 + 0).
1
Suppose 240*b - 1278 = 231*b. Suppose -143*n + b*n = -43. What is the remainder when 251 is divided by n?
36
Calculate the remainder when (12 - 26) + 8 + 30 is divided by 248/18 + 4/18.
10
Let q be 0*(-1)/(-2) - 2. Let f(b) = -2*b**3 + 70*b**2 - 303*b + 95. Calculate the remainder when (q/(-4))/(1/44) is divided by f(30).
2
Let n(m) = 2 + 5*m - 3*m**2 - m - 5 + 2*m